
What is the remainder when 247692 is divided by 7074?
102
Calculate the remainder when 60326982 is divided by 19.
6
What is the remainder when 3836256434 is divided by 55?
54
Calculate the remainder when 2190118 is divided by 11966.
340
Calculate the remainder when 759652 is divided by 1312.
4
Calculate the remainder when 340478 is divided by 1088.
1022
Calculate the remainder when 438053 is divided by 438018.
35
Calculate the remainder when 126082 is divided by 5037.
157
What is the remainder when 59709327 is divided by 56?
55
Calculate the remainder when 87001371 is divided by 122.
121
What is the remainder when 56495861 is divided by 6253?
6
Calculate the remainder when 571063341 is divided by 48.
45
Calculate the remainder when 14863120 is divided by 782269.
9
Calculate the remainder when 10221891 is divided by 8.
3
Calculate the remainder when 141345182 is divided by 70672589.
4
Calculate the remainder when 521273701 is divided by 23.
22
What is the remainder when 19933990 is divided by 16?
6
Calculate the remainder when 136748078 is divided by 80.
78
What is the remainder when 1084298 is divided by 361290?
428
What is the remainder when 89818 is divided by 19?
5
Calculate the remainder when 5298259 is divided by 397.
294
Calculate the remainder when 72327 is divided by 14446.
97
What is the remainder when 359928 is divided by 4620?
4188
What is the remainder when 856875186 is divided by 23?
20
What is the remainder when 1073748 is divided by 119305?
3
What is the remainder when 998599 is divided by 332851?
46
Calculate the remainder when 23770093 is divided by 5942498.
101
What is the remainder when 1292510 is divided by 86?
16
What is the remainder when 4270725 is divided by 4937?
220
Calculate the remainder when 19587176 is divided by 81.
80
Calculate the remainder when 1404841 is divided by 6474.
6457
What is the remainder when 31051680 is divided by 3899?
44
What is the remainder when 4364167 is divided by 65?
2
Calculate the remainder when 658120 is divided by 11752.
8
Calculate the remainder when 776981832 is divided by 1505.
1502
What is the remainder when 44403261 is divided by 2775203?
13
Calculate the remainder when 41591 is divided by 3354.
1343
What is the remainder when 580815 is divided by 267?
90
What is the remainder when 15993846 is divided by 515930?
16
What is the remainder when 8833347 is divided by 30?
27
Calculate the remainder when 29829 is divided by 9943.
0
What is the remainder when 64438 is divided by 226?
28
Calculate the remainder when 1452602600 is divided by 7071.
7070
Calculate the remainder when 1522171 is divided by 7047.
19
Calculate the remainder when 482320 is divided by 2757.
2602
What is the remainder when 139637926 is divided by 56012?
10
What is the remainder when 11927364 is divided by 9282?
9276
What is the remainder when 289705 is divided by 10944?
5161
What is the remainder when 225658 is divided by 3982?
2666
Calculate the remainder when 3657751 is divided by 86.
85
Calculate the remainder when 109152468 is divided by 9.
0
Calculate the remainder when 1756274 is divided by 8.
2
Calculate the remainder when 85715517 is divided by 518.
503
Calculate the remainder when 1501453 is divided by 6101.
607
Calculate the remainder when 1274224 is divided by 13849.
116
Calculate the remainder when 1164052 is divided by 892.
884
What is the remainder when 22581 is divided by 1588?
349
What is the remainder when 90714646 is divided by 119?
113
Calculate the remainder when 2398975 is divided by 27.
25
What is the remainder when 16078359 is divided by 4?
3
What is the remainder when 46795632 is divided by 84?
72
What is the remainder when 44800 is divided by 579?
217
What is the remainder when 906459 is divided by 226587?
111
What is the remainder when 89810 is divided by 77?
28
What is the remainder when 85077 is divided by 21243?
105
Calculate the remainder when 86961494 is divided by 847.
4
What is the remainder when 11890492 is divided by 68336?
28
Calculate the remainder when 4364604 is divided by 428.
288
Calculate the remainder when 647707092 is divided by 47.
45
Calculate the remainder when 3399541 is divided by 1543.
312
Calculate the remainder when 61269 is divided by 115.
89
What is the remainder when 11446842 is divided by 85?
62
What is the remainder when 1579569 is divided by 87?
84
What is the remainder when 153561 is divided by 51130?
171
What is the remainder when 240617 is divided by 434?
181
Calculate the remainder when 54356 is divided by 776.
36
Calculate the remainder when 2918133 is divided by 1840.
1733
What is the remainder when 3111933 is divided by 266?
265
What is the remainder when 18288 is divided by 201?
198
Calculate the remainder when 8280583 is divided by 276018.
43
What is the remainder when 10254184 is divided by 3950?
3934
Calculate the remainder when 129729388 is divided by 26.
22
Calculate the remainder when 194235 is divided by 177.
66
Calculate the remainder when 5849186 is divided by 262.
36
Calculate the remainder when 38927061 is divided by 390.
381
Calculate the remainder when 196505 is divided by 17853.
122
Calculate the remainder when 1043319 is divided by 920.
39
Calculate the remainder when 68621881 is divided by 389897.
9
What is the remainder when 597890823 is divided by 13?
10
Calculate the remainder when 14619650 is divided by 343.
304
What is the remainder when 7758730 is divided by 51?
49
What is the remainder when 63195 is divided by 64?
27
Calculate the remainder when 435273 is divided by 72380.
993
What is the remainder when 2781191 is divided by 1566?
1541
Calculate the remainder when 87994983 is divided by 4.
3
What is the remainder when 1197379 is divided by 28508?
43
What is the remainder when 2766858 is divided by 2766687?
171
Calculate the remainder when 13157487 is divided by 1786.
25
Calculate the remainder when 774555 is divided by 774419.
136
What is the remainder when 491047 is divided by 490905?
142
Calculate the remainder when 261465120 is divided by 539.
532
Calculate the remainder when 3638885 is divided by 886.
83
Calculate the remainder when 33789 is divided by 16341.
1107
Calculate the remainder when 739419 is divided by 457.
450
What is the remainder when 982037 is divided by 196?
77
Calculate the remainder when 622408 is divided by 155286.
1264
What is the remainder when 145588 is divided by 48003?
1579
What is the remainder when 5106469 is divided by 608?
485
What is the remainder when 185667039 is divided by 183?
180
Calculate the remainder when 12297315 is divided by 33.
30
Calculate the remainder when 4847970 is divided by 969498.
480
What is the remainder when 3410865 is divided by 58808?
1
Calculate the remainder when 15902 is divided by 52.
42
Calculate the remainder when 3995926 is divided by 1869.
4
What is the remainder when 485440 is divided by 447?
445
What is the remainder when 16474101 is divided by 187?
149
What is the remainder when 623693 is divided by 970?
953
What is the remainder when 75845849 is divided by 1166859?
14
What is the remainder when 84817 is divided by 84413?
404
What is the remainder when 2574250 is divided by 92?
90
What is the remainder when 205243 is divided by 14552?
1515
Calculate the remainder when 1932869 is divided by 122.
23
Calculate the remainder when 56263 is divided by 56178.
85
What is the remainder when 1512281 is divided by 6604?
6569
What is the remainder when 516632 is divided by 703?
630
What is the remainder when 2606220 is divided by 221?
188
Calculate the remainder when 496129 is divided by 247879.
371
Calculate the remainder when 84298806 is divided by 2343.
9
What is the remainder when 73840622 is divided by 118?
116
What is the remainder when 6057028 is divided by 115?
93
Calculate the remainder when 2593015 is divided by 89412.
67
What is the remainder when 35856 is divided by 3266?
3196
What is the remainder when 164536 is divided by 243?
25
Calculate the remainder when 2209596 is divided by 1070.
46
What is the remainder when 126132677 is divided by 2166?
2165
Calculate the remainder when 1333546 is divided by 857.
54
Calculate the remainder when 7332039 is divided by 1833003.
27
Calculate the remainder when 15014933 is divided by 78.
11
What is the remainder when